rs of h?
2, 17
What are the prime factors of 2 + (-15)/5 - -590?
19, 31
Let m(r) = -19*r + 213. List the prime factors of m(11).
2
Let v(n) = 9*n + 17. Let o be v(-10). What are the prime factors of (o/5)/((-2)/10)?
73
Suppose 0*z - 2*z + 1 = -3*a, -2*a + 31 = 5*z. Suppose 0 = -b - a*c + 60, -5 + 4 = -c. List the prime factors of b.
3, 19
Let v be -1 + -23 + 1 + -1. Let i = v + 23. Let c(f) = -33*f + 2. List the prime factors of c(i).
5, 7
Let g = -44 + 30. Let u(r) = -r**3 - 13*r**2 + 8*r - 4. List the prime factors of u(g).
2, 5
Let s = 82 - 87. Let q(l) = -3*l + 5. What are the prime factors of q(s)?
2, 5
Let t be 2*1 + (9 - -4). Let j = t + -15. Suppose j*i + 22 = i. What are the prime factors of i?
2, 11
Let l = -37 - -28. Let o = l - -17. Suppose 7*w - o - 20 = 0. What are the prime factors of w?
2
Let l(q) = 13*q + 152. What are the prime factors of l(17)?
373
Suppose 2*v + 6 = 324. Let n = 260 - v. List the prime factors of n.
101
Let o(j) = j. Let i(a) = 2*a + 1. Let u(s) = -5*i(s) + 6*o(s). Let z = -29 + 24. List the prime factors of u(z).
3, 5
Let u be 573 + 2 + 3 + -4. What are the prime factors of (u/(-42))/((-1)/3)?
41
Suppose c + 6 = -0*c. Let a = 26 + c. List the prime factors of a.
2, 5
Let r = -15 - -7. Let j(o) be the second derivative of o**4/6 + 4*o**3/3 + 96*o. What are the prime factors of j(r)?
2
What are the prime factors of (-40656)/(-35) - 12/(-30)?
2, 7, 83
Let q be 10/(-55) - (-1186)/(-11). Let y = q + 231. Suppose 0 = n + 2*a - 24, 5*n - 5*a = y - 18. What are the prime factors of n?
2, 11
Suppose -5*w = -5*x + 2*x + 384, 0 = -2*x - 4*w + 278. List the prime factors of x.
7, 19
Suppose -5*s - 9 = -19. Let u(d) = -4*d**3 + 3*d**2 - 2*d - 1. Let o be u(s). Let k = -17 - o. List the prime factors of k.
2
Let v(g) = 42*g + 11. Let x be v(17). Suppose 4*z - 511 = x. List the prime factors of z.
3, 103
Let t be (-18)/4*(-1 - -3). Let n = -43 - 10. List the prime factors of (-3)/t + n/(-3).
2, 3
Suppose 12 = 3*g - 5*k, 7*g - 4*k = 5*g + 8. Let a be -60*3/((-30)/g). Suppose 0 = -0*d - 4*d - 3*w + a, -d + 2*w + 17 = 0. What are the prime factors of d?
3
Suppose 3*v - 2*r = 7, 7*v = 3*v + 3*r + 9. Suppose v*w - 7*w = 0. Let m(j) = j**2 + 34. What are the prime factors of m(w)?
2, 17
What are the prime factors of (-92)/(-460) - 11574/(-5)?
5, 463
Let y = -4 - 71. Let g = 133 + y. List the prime factors of g.
2, 29
Let a be (-7 + 5)/((-1)/2). Suppose 2*j + 3*h - h - 10 = 0, 0 = a*j + 2*h - 16. List the prime factors of 2 - j - -26 - -2.
3
Suppose -4*k - 3*w = -252, 2*w - 5*w + 12 = 0. Let o = -48 - -55. Suppose o*v = 3*v + k. What are the prime factors of v?
3, 5
Let m be (6 - 0)*(-1 + 2). Let n = 10 - m. Suppose i - n - 13 = 0. What are the prime factors of i?
17
Let f(l) = -3*l - 3. Let z be f(-2). Suppose -z*y = g + 3*g + 13, -2*g - 3*y - 5 = 0. Let t = 25 + g. List the prime factors of t.
3, 7
Suppose 11 = t + 2*g, -4*g + 36 + 3 = 3*t. Let j = t + 86. List the prime factors of j.
103
Let r = -385 + 1866. What are the prime factors of r?
1481
Suppose -1710 = -s + n, 22*s - n + 8568 = 27*s. What are the prime factors of s?
3, 571
Let f(i) = -i + 13. Let w be f(8). Suppose 4*g - g = 3*n + 165, w*g + n = 257. List the prime factors of g.
2, 13
Suppose 5*t = 3*i + t - 2027, 0 = -3*t - 15. List the prime factors of i.
3, 223
Let c(l) = -l**3 + 7*l**2 + 11*l - 4. Suppose 0 = -3*v + 5*n + 19, 2*n - 11 = -3*v + 15. List the prime factors of c(v).
2, 5
Suppose -6*v + 3*c = -4*v - 36, -4*c - 52 = -3*v. Suppose -v + 134 = 2*h. What are the prime factors of h?
61
Let g be (6 - 3)*2 - -3. Let p be (36/g)/(1/1). List the prime factors of p*(-9)/(-6) + -2.
2
Suppose -t = 5*t - 4464. Suppose -t = -42*w + 38*w. List the prime factors of w.
2, 3, 31
Suppose -4*g = 5*y - 107 + 13, y - 21 = -3*g. What are the prime factors of y?
2, 3
Let u(l) be the second derivative of -1/20*l**5 + 3/2*l**3 - 6*l - 3/4*l**4 + 0 + 2*l**2. What are the prime factors of u(-10)?
2, 7
Let l be (15/(-12))/(4298/(-1432) - -3). Let y = l - 629. List the prime factors of y.
2, 7, 19
Suppose 4*q + 0*q = 0. Suppose 113 = 5*k - 67. Suppose q*a - k = -4*a. List the prime factors of a.
3
Let v(m) = -92*m**3 + m**2 + 17. What are the prime factors of v(-4)?
31, 191
Let y = 685 - 370. List the prime factors of y.
3, 5, 7
Suppose 5 = 25*v - 24*v. Suppose -v*j + 0*j = -350. List the prime factors of j.
2, 5, 7
Let b(h) = h**2 - 15*h + 3. Let p be b(15). Suppose -3*s - s + 4*t + 212 = 0, 0 = -s - p*t + 33. List the prime factors of s.
2, 3
Let x be 8/10*5*1. Let m = 147 - 131. Suppose -16 = -x*p + m. List the prime factors of p.
2
Suppose 4 = i + 1. Suppose 5*l + 109 = 5*m + 1724, -i*l + 2*m + 966 = 0. What are the prime factors of l?
2, 5
Let n(s) = 0*s + 0*s**2 + s**3 - 5*s**2 - 5*s + 2. Let j be n(6). Suppose -7 = -5*o + j. What are the prime factors of o?
3
Suppose 5*w - 4*w = 275. Let l = w + -156. What are the prime factors of l?
7, 17
What are the prime factors of 1506*7/63*(-3)/(-2)?
251
Suppose -4*d = 2*g - 11060, 2*d - 9 = -5. What are the prime factors of g?
2, 3, 307
Let v = 12 + -9. Suppose 3*k + 3 = v*j - 6, 5*j - 3*k = 19. Let y = j + 11. List the prime factors of y.
2
Let o = -2533 + 5196. List the prime factors of o.
2663
Suppose -7*u + 2*u - 40 = 0. Let z(r) be the first derivative of r**3/3 + r**2/2 - 5*r - 17. List the prime factors of z(u).
3, 17
Let t = 815 - 398. List the prime factors of t.
3, 139
Let x = 38 + 66. What are the prime factors of (x/(-18) - -6) + (-565)/(-9)?
3, 7
Let u(x) = x**2 - 13*x + 15. Let z be u(14). Let m = -3 - -3. Suppose m = -5*v - z + 104. List the prime factors of v.
3, 5
Let l = 42 - 27. Suppose -17 = -4*v - n, -5*v + 5*n - 4 = 6. Let x = l + v. What are the prime factors of x?
2, 3
Let s(o) be the third derivative of 53*o**6/60 + o**4/12 - o**3/6 - 2*o**2. Let i be s(1). List the prime factors of i/5 - (-9)/15.
2, 11
Suppose -23*j = -18*j - 40. Suppose -3*s + s - 199 = -5*u, 0 = 4*s + j. What are the prime factors of u?
3, 13
Suppose 12 = 2*u - q, q = -u + 2*u - 5. Let z = 0 + 3. Suppose -z*s = -u*s + 120. What are the prime factors of s?
2, 3, 5
Let x(m) be the second derivative of m**4/12 - 5*m**3/3 - 9*m**2 - 9*m. List the prime factors of x(14).
2, 19
Let q = -148 + 148. Suppose 3*r - 8*r + u = -1089, q = r + 4*u - 201. List the prime factors of r.
7, 31
Suppose 2*a - 2832 = -j, -3*a - 3*j + 4243 = j. List the prime factors of a.
13, 109
Let i be (71 - 5)/(8 + 116/(-16)). Suppose 4*j - 393 = -3*m, -2*j + 161 = m + 32. Let f = m - i. List the prime factors of f.
47
Let k = -2027 + 3416. What are the prime factors of k?
3, 463
Let b be (8/(-12))/(3/(-27)). Let t(w) = w**3 - 6*w**2 + 2*w - 6. Let g be t(b). What are the prime factors of (-9)/(-2) + g/(-12)?
2
Let r = -8 - -5. Let t be ((-3)/(-12))/(2/(-8)). List the prime factors of t/r - 136/(-6).
23
Let w be 0 - 1*4/(-2). Suppose -6 = -w*y - 0*y. Suppose 52 = a + y*a. What are the prime factors of a?
13
Let g be 1/(15/(-12))*(-225)/(-10). List the prime factors of (g/12)/(0 + 3)*-220.
2, 5, 11
Suppose -h + 18 = 2*h. Let d be h/(-9) - (-22)/6. Suppose x - 31 = -u, -3*x - 89 = -d*u - 8*x. List the prime factors of u.
3, 11
Let y(d) = 2*d**2 + 2*d + 7. Suppose -p - 2*p + 15 = 3*i, -4*i + 4 = -4*p. List the prime factors of y(i).
31
Let q(i) = -44*i**3 + 6*i**2 + 25*i + 27. List the prime factors of q(-4).
17, 167
List the prime factors of (-2)/7 - 17703/(-49).
19
Let b = -15 + 20. List the prime factors of 171/b - 2/10*1.
2, 17
Let n(d) = 56*d**3 + 8*d**2 - 25*d - 43. What are the prime factors of n(4)?
43, 83
Suppose -4*t = -5*a - 1947, 3*t + 0*a - 1461 = 3*a. Let l = t + -348. List the prime factors of l.
2, 5, 7
Let x = 415 + -257. Let m = x + -95. What are the prime factors of m?
3, 7
Let w(h) = 2*h**2 + 17*h - 29. Suppose 2*t + 3*k = 9 - 4, -4*t + 43 = -5*k. List the prime factors of w(t).
2, 47
Let n = -143 - -287. Let v = n + 78. What are the prime factors of v?
2, 3, 37
Let k = -6293 - -9801. List the prime factors of k.
2, 877
Let g = 2013 + -268. List the prime factors of g.
5, 349
Let k(r) = -r**2 - 5*r + 13. Let z(g) = g - 1. Let l(d) = -k(d) - 3*z(d). What are the prime factors of l(5)?
5
Let q = 207 + -155. What are the prime factors of q?
2, 13
Let c = 2